= 0, -4*k - 4*g = -48. Calculate the greatest common divisor of k and 12.
3
Let y(z) = 5 - 2 - 5*z + 6*z. Let g be y(-3). Suppose -4*i + 44 = -g*i. What is the greatest common factor of i and 77?
11
Let o(c) be the first derivative of c**3/3 - 3*c**2 - 6*c + 2. Let y be o(-5). Let m be (0 + 7/(-2))*-2. What is the greatest common factor of m and y?
7
Let g(j) = -2*j + 46. Let u be g(0). Calculate the greatest common divisor of u and 69.
23
Suppose -4*w - 5 = 3*d, 4*w + 15 = -5*d + 4. Let g(n) = 13*n**2 - n + 0*n + w + 3*n. Let h be g(-2). What is the greatest common factor of 7 and h?
7
Suppose -3*l + 7 = -2*o, -2*l - 3*l = -o - 21. Calculate the greatest common factor of 44 and o.
4
Suppose 4*y - 1 - 7 = 0. Suppose 2*a - y = 4. Calculate the greatest common divisor of a and 2.
1
Suppose 5 + 3 = 4*r. Suppose -u - 2 = h + u, 2 = -h + r*u. Let q be 1*2 + (-3 - h). What is the greatest common divisor of q and 1?
1
Suppose 4*l - 34 = 5*a, a + 12 = 2*l - 4*a. Calculate the highest common factor of 22 and l.
11
Let t = -7 + 5. Let v be (t/6)/(4/(-24)). What is the greatest common divisor of 3 and v?
1
Suppose 8*l - 20 = 4*l. Suppose 0 = 3*r + 2*i - 88, 64 = l*r - 2*i - 88. Calculate the highest common factor of 270 and r.
30
Let l = 62 + -42. Let x be 12/(6*(-2)/8). Let g = -4 - x. What is the greatest common factor of l and g?
4
Let x(u) = -26*u**3 - u**2 + u + 1. Let k be x(-1). Suppose 2*w + 1 = 5. Suppose -1 = -w*i + 9. Calculate the greatest common divisor of i and k.
5
Let d = 124 + -105. Suppose -5*h - 187 = 5*q - 1207, -q = 5*h - 184. What is the greatest common divisor of d and q?
19
Let n(j) = 2*j**2 - 3*j - 4. Let z be n(4). Calculate the highest common factor of 80 and z.
16
Let y(c) = c. Let z be y(4). Let t be (16/(-3))/(z/(-12)). What is the greatest common divisor of 2 and t?
2
Suppose q + u = 6, -u + 14 = 2*q + 3*q. Suppose 2*h = -q, 3*b + 20 = 5*h - 23. Let w be b/(-5) - (-7)/(-35). What is the highest common divisor of w and 15?
3
Suppose w - 58 = -5*y, -20 = -y - 3*y. Calculate the greatest common divisor of w and 264.
33
Let q(p) = 4*p**2 - 10*p - 34. Let w be q(11). Calculate the greatest common factor of 20 and w.
20
Let c(q) = q**3 + 3*q**2 + 3*q + 3. Let p be c(-2). Let z be (-2 + -1 - -8)/p. Calculate the greatest common factor of z and 40.
5
Let w(b) = b + 1. Let s(a) = a**2 - 8*a - 6. Let h(d) = s(d) + 2*w(d). Let u be h(8). Let z be 1/(-2) + 150/u. Calculate the highest common divisor of 30 and z.
6
Suppose 19 + 21 = 4*x. Calculate the greatest common factor of 4 and x.
2
Suppose 288 = -0*x + 3*x. Suppose 2*u - 3*u = -x. What is the greatest common factor of 12 and u?
12
Suppose 1 + 3 = -2*s. Let f be (s/(-6))/((-2)/(-24)). Let c = -2 + f. What is the highest common factor of c and 4?
2
Let w(b) = -b + 11. Suppose 15 = 3*a - 0*a. Let y be w(a). What is the highest common factor of 6 and y?
6
Suppose -17*x + 222 = -322. Let b = 18 + -10. What is the highest common factor of b and x?
8
Suppose 3*l = 4*t - 39 - 53, l + 33 = -t. Let q = -18 - l. What is the highest common divisor of q and 7?
7
Let k = 52 + -36. What is the greatest common factor of 4 and k?
4
Suppose 3*o = 8*o - 45. Let q = 11 + -7. Suppose -135 = -m - q*m. Calculate the greatest common divisor of o and m.
9
Suppose 18 = 2*z - 3*c, 0 = -c + 4 - 8. What is the greatest common divisor of 102 and z?
3
Let t be -182*(-4)/16 + 3/(-2). Calculate the highest common divisor of t and 4.
4
Let b(g) = -g**2 + 14*g + 9. Let i be b(13). What is the highest common factor of i and 198?
22
Suppose 0*j - 3*j + 159 = 4*d, 204 = 5*d + 2*j. Let a be d*1*8/4. What is the highest common divisor of a and 12?
12
Let g be (-3)/(-4) - 34/(-8). Suppose -34 = g*m - 214. Let c(i) = -i**2 + 3*i + 4. Let o be c(3). Calculate the greatest common divisor of m and o.
4
Suppose -4*m = r + m - 49, 4*r - 271 = 5*m. Let s = -46 + r. Calculate the greatest common factor of 36 and s.
18
Suppose 64 = 2*s + 2*s. Let d = 12 + 19. Suppose -r = -2*v + d + 94, r + 317 = 5*v. Calculate the greatest common factor of s and v.
16
Suppose 3*h - 19 = -2*w, -3*w - 3*h - h = -29. Let s = -3 + w. Calculate the greatest common factor of 24 and s.
8
Suppose y - 43 = -2*o, 3*y - o - 94 = -0*o. Suppose n = -3*q - 2*q + y, 0 = -q + 4*n - 6. What is the highest common factor of 48 and q?
6
Let b = 191 + -101. What is the greatest common divisor of b and 36?
18
Suppose 2*j - 48 = -2*y, j - 5*j + 5*y = -78. What is the highest common divisor of j and 33?
11
Let j be (-2)/(-6) - 38/(-3). Suppose 0 = -4*q - 5*h - 1292, -2*q = -5*q - 5*h - 974. Let b be -3 + 1 + q/(-3). What is the highest common divisor of j and b?
13
Let g(s) = s + 2. Let v be g(2). Suppose -c + b = 3*b, -v*b = 3*c - 4. Calculate the greatest common factor of c and 28.
4
Suppose 5*r - 53 = 2. Let m(v) = 54*v**2 + 2*v - 1. Let g be m(1). Calculate the greatest common divisor of g and r.
11
Suppose 0 = -4*w + 3*s + 820, -4*w - 43 = -s - 855. Let b = -130 + w. Calculate the highest common factor of 8 and b.
8
Let m be (5 - 4)/(2/6). What is the greatest common divisor of m and 2?
1
Let x = 35 + 7. Calculate the greatest common factor of x and 14.
14
Let n(z) = z**2 - z - 2. Let q be n(-2). Let c = 7 - q. Suppose -4*x + 132 = -0*x. What is the greatest common factor of c and x?
3
Let q = -21 - -109. What is the highest common factor of 11 and q?
11
Let b be ((-6)/(-4))/((-6)/(-56)). Let g = 11 + -6. Let x be g/(-10) + (-86)/(-4). Calculate the highest common divisor of x and b.
7
Let t(l) = -4*l**3 + l**2 - l. Let b be t(1). Let x be b/((-4)/9)*2. Calculate the greatest common divisor of 54 and x.
18
Let l be 1/(5/(-6) + 1). Let h(z) = 6*z - 3. Let d be h(5). Suppose 5*i - 2*i - d = 0. What is the highest common divisor of i and l?
3
Let j(o) = -o**3 - 2*o**2 + 22*o + 4. Let a be j(-6). What is the greatest common divisor of a and 4?
4
Suppose -2*u - 2*u = -16. Let j be 274/18 - u/18. Let o be 0 + j - (1 + -2). What is the greatest common factor of 16 and o?
16
Let p be 2/(-8) - 138/(-8). Let u be 9/(9/60*1). Let i be u*6/3 + -1. What is the greatest common divisor of p and i?
17
Let k be (0 - (-2 + -3))*9. What is the greatest common divisor of 15 and k?
15
Suppose 8*a - 20 = 6*a. Calculate the greatest common factor of a and 4.
2
Let a be (1 + -5)/((-4)/(-596)). Let u be (-12)/54 - a/9. What is the highest common factor of u and 6?
6
Let y = 456 + -376. Let n(x) = x**2 - 3*x - 8. Let i be n(6). What is the greatest common factor of i and y?
10
Let q = 9 - -18. Let x(n) = -n**2 - 7*n + 6. Let h be x(-4). What is the greatest common factor of q and h?
9
Suppose -q - 3 - 1 = 0. Let y be ((-48)/28)/(q/98). Calculate the highest common factor of 14 and y.
14
Suppose -x - 25 = -5*l - 83, 0 = -3*x + l + 230. Calculate the highest common divisor of 117 and x.
39
Let k(s) be the third derivative of -2*s**4/3 - 3*s**2. Let j be k(-2). Calculate the highest common factor of j and 4.
4
Let w(j) = -j**3 - 4*j**2 + 4. Let f be w(-4). Let t be (11 + -25)*-2*f. What is the highest common divisor of 16 and t?
16
Suppose -3*f = 2*f, 0 = -2*k - 5*f + 180. Calculate the greatest common divisor of 10 and k.
10
Suppose -20 = -5*g - 5*d, -9*g + 4*g + 4*d - 7 = 0. Suppose -18 = -3*o + 15. What is the highest common factor of o and g?
1
Suppose 2*g - 84 = b, 0*g + 3*b = 2*g - 76. What is the greatest common factor of 22 and g?
22
Suppose 4 = 2*z - 0*z. Suppose -5*b + 27 = y - 0*y, b = 4*y + 18. Calculate the greatest common divisor of b and z.
2
Suppose a - 6 = -2*a. Suppose -a*t - 2 = -12. Calculate the greatest common divisor of t and 5.
5
Let u be (-6)/15 + (-51)/(-15). Suppose s - u*i - 19 = 0, 5*s + 0*i + i - 63 = 0. What is the greatest common factor of 117 and s?
13
Let k(t) = t**3 + 7*t**2 - 2*t - 5. Let o be k(-5). Let h(n) = -2*n - 8 + 5 + 0*n. Let m be h(-4). What is the greatest common factor of o and m?
5
Let l = -45 - -64. What is the greatest common factor of 76 and l?
19
Suppose -63 - 342 = -3*f. What is the greatest common factor of f and 90?
45
Let u(c) = -2*c + 4. Let h be u(-4). What is the greatest common factor of h and 4?
4
Suppose -36 - 9 = -r. Let g = -17 - 2. Let x = g + 34. What is the greatest common factor of r and x?
15
Suppose -8*b = 14 - 134. S